 (-3)/6 + 3 + 20/(-8). Suppose 55*q - 50*q - 55 = l. Suppose 470 = -q*h + 16*h. What are the prime factors of h?
2, 47
Suppose -2284 - 9830 = -2*z. Suppose -5*c = 3*i + 747 - z, 5*i = 4*c - 4211. List the prime factors of c.
3, 353
Suppose 4*c + i = c + 784, 4*c - 1038 = -5*i. Suppose 0 = p + 100 + 69. Let j = c + p. List the prime factors of j.
3, 31
Let b(w) = -34*w - 29. Let c be 3/7 + (-6)/14 + -7. Let m be b(c). Suppose 5*d = 101 + m. What are the prime factors of d?
2, 31
Let c be 8/(-20) - 88/(-20). Let d(t) be the first derivative of 4*t**3/3 - 3*t**2 + 8*t - 16. List the prime factors of d(c).
2, 3
Let a = -4280 + 1090. What are the prime factors of 2/8 + a/(-8)?
3, 7, 19
Suppose 0 = 3*s + 5*m - 47296, 3*m - 77118 - 1698 = -5*s. List the prime factors of s.
2, 3, 37, 71
Let q be (-54)/15 - (-2)/(-5). Let w(s) = s**2 + 43*s - 92. Let f be w(-45). What are the prime factors of (-221)/f - (-2)/q*3?
109
Suppose -4*r + 22 = 6. Suppose 0 = -5*g - 2*c - 2*c + 1679, 3*g - 1033 = r*c. Suppose k - g = -3*x, 0*k = -2*k + 6. What are the prime factors of x?
2, 7
Let i(p) be the third derivative of 13*p**5/60 - p**4/8 - 4*p**3/3 + 142*p**2. List the prime factors of i(-4).
2, 53
Let q(d) = d + 8. Let m be q(-6). Suppose w = -0*w - m*z + 3, -5*z = -4*w + 25. Suppose -5*s + 430 = -b - 250, s = w*b + 160. What are the prime factors of s?
3, 5
What are the prime factors of (-9400)/80*(54/(-10))/((-12)/(-8))?
3, 47
Let z(b) = -b**2 - 16*b - 15. Let m(x) = 7*x**3 - 10 - 8*x**2 + 7*x**2 - 6 + 18 + x. Let t be m(-1). What are the prime factors of z(t)?
2, 3
Let x(c) be the second derivative of -c**4/12 + c**3/3 + c**2 + 23*c. Let l be x(4). What are the prime factors of 4/l*(-27)/6*17?
3, 17
Let m(b) = 11 - 2*b**2 - 5 - 2*b - 8 + b**3. Let r be m(3). List the prime factors of 736/12*6/4*r.
2, 23
Let j(l) = l**2 + 12*l + 1. Let s be (17 - 18) + 0 + -11. Let x be j(s). List the prime factors of (77*-5)/(-5) + x.
2, 3, 13
Suppose 4 = q + 3*i, -4*q + 3*i + 1 = -0*q. What are the prime factors of (-14)/49 - (q - (-7485)/(-7))?
2, 3, 89
Let m(f) = 15*f + 29 - 9*f + 10*f**3 + 5*f**3 - 44. What are the prime factors of m(3)?
2, 3, 17
What are the prime factors of (-60870)/(-20 - -19 - 1)?
3, 5, 2029
Let t(k) = -3*k**2 + 6*k + 90. Let r be t(10). What are the prime factors of (350/r)/((-2)/834)?
7, 139
Let f(l) = -45*l**2 - 308*l + 9. Let r be f(-7). Suppose 3*q = 71 + 118. Let s = q - r. List the prime factors of s.
103
Let m = 21074 - 8063. List the prime factors of m.
3, 4337
Let u = -47 - -53. Suppose -120 = -u*o + o. Suppose 4*m - o = m. List the prime factors of m.
2
Suppose 19535 = 150*c - 145*c. What are the prime factors of c?
3907
Let v(c) = c**2 + c - 4. Let b be v(-3). Let f(x) = 21*x**3 - 2*x**2 - 2*x + 3. List the prime factors of f(b).
3, 53
Let f(x) = -8*x + 21. Let t be f(-5). Suppose t*r = 65*r - 332. What are the prime factors of r?
83
Suppose 7*o - 3736 = -187. Let g = o + -97. List the prime factors of g.
2, 5, 41
Let u(q) = 2469*q + 8488. List the prime factors of u(13).
5, 8117
Let f be ((-1)/2)/((15/18)/(-5)). List the prime factors of 22302/90 + f/15.
2, 31
Suppose 20*h - 12276 - 14224 = 0. What are the prime factors of h?
5, 53
What are the prime factors of 1360/(-3060) + ((-728580)/(-27) - 2)?
2, 3, 1499
Let t be 42*(-12)/27*-3. Let f be (-4 + t/16)*16/(-2). Suppose 25 = -5*o, -2*o + 0*o = -f*a + 490. List the prime factors of a.
2, 3, 5
Let t = 448 - 422. What are the prime factors of (-24 + t)/(-1 - -2) + 1373?
5, 11
Let r(q) = 2*q + 22. Let o = -49 + 39. Let f be r(o). Suppose 4*i - 128 = -2*u, -f*u + 4*i = -u - 82. List the prime factors of u.
2, 5, 7
Let y(o) = -30*o - 115. Let a be y(-4). Suppose -4*x + 0*x = -a*d + 2133, -864 = -2*d - 2*x. What are the prime factors of d?
3, 11, 13
Suppose -20467997 = -53*u - 657*u + 159*u. List the prime factors of u.
11, 307
Let w be ((-270)/36)/((-3)/(-40)). What are the prime factors of 7/((-56)/w)*152/5?
2, 5, 19
Suppose 5*b + 4894 = n, 3*n + 3*b = -0*n + 14646. What are the prime factors of n/(-154)*(1 + -22)?
2, 3, 37
What are the prime factors of ((-550638)/(-15))/3 - (-2680)/1675?
2, 29, 211
Let u be 3*(-1)/1 - -133. Let m(o) = -2*o**3 - 3*o**2. Let i be m(-2). Suppose -3*p + i*l + 78 = 0, 0*l - l + u = 5*p. What are the prime factors of p?
2, 13
List the prime factors of ((-30)/1155*-11)/((-1)/(-27139)).
2, 3877
Suppose 517440 = -222*z + 215*z. What are the prime factors of (z/(-25))/8 + 4/10?
2, 5, 37
Let r(f) = 433*f**2 + 8*f + 9. Let o be 4 + (30/(-9))/(8/12). List the prime factors of r(o).
2, 7, 31
Suppose 17558*n - 64196 = 17554*n. List the prime factors of n.
11, 1459
Suppose 0*r - 2*x - 13 = -r, -x = -4*r + 24. Let w be 0/(40/16*4/r). Suppose -5*z + 3*n + 371 = 0, 2*z + 5*n - 3*n - 142 = w. What are the prime factors of z?
73
Let a(f) = -7*f**3 + f. Let p be a(-1). Suppose 48*m - 50*m + p = 0. List the prime factors of 6/m + 13*7.
3, 31
Suppose -6*i + 2*b + 340168 = 0, 56732 = -14*i + 15*i - 5*b. What are the prime factors of i?
2, 14173
Suppose -9*x = -19*x - 1340. Let p = x + 158. What are the prime factors of p?
2, 3
Suppose -2*y = -19*y + 102. List the prime factors of (-16016)/(-33) - 2/y.
5, 97
Let o be (-52)/(-14) - (-22)/77. Let u be 18/o*(-20576)/24. List the prime factors of -1*(-3)/12 - u/24.
7, 23
Suppose -15*j + 42395 = 6170. What are the prime factors of j?
3, 5, 7, 23
Suppose 0 = 5*z + g - 2532, -5*z + 2*z + 1515 = 2*g. Let s = z - -784. List the prime factors of s.
1291
Let l(p) = p**2 - p - 39. Let q be l(-20). Let g = 6 + -2. Suppose -3*t - q = s - g*s, 0 = -5*t - 15. What are the prime factors of s?
2, 31
Suppose -62*k = -60*k - 93916. What are the prime factors of k?
2, 53, 443
Let x be (5 - (-59)/(-2))/(2/10408). What are the prime factors of x/(-84) - (3 - (-13)/(-6))?
37, 41
Suppose 5*y = -6690 + 74615 - 2755. List the prime factors of y.
2, 7, 19
Suppose 3*z = -0*j - 2*j - 782, 4*j = 4*z + 1076. Let b be (-2*26/(-10))/((-8)/240). Let x = b - z. List the prime factors of x.
2, 3
Let k(s) = -114*s - 25. Let n(z) = 3*z + 41. Let m be n(-15). What are the prime factors of k(m)?
431
Suppose -2*w = 3*z - 679 - 1604, 1125 = w - 4*z. What are the prime factors of w?
3, 379
Let u be (-3)/4 - (-1185)/(-20). Let m = u - -78. What are the prime factors of (-1 - (-14)/m) + (-2794)/(-99)?
2, 7
Let b be 4 + (21/(-2))/((-69)/(-184)). What are the prime factors of 160/(8/4 - (-45)/b)?
2, 5
Let r be (5/(-20)*-14)/((-1)/134). Let k = r + 827. List the prime factors of k.
2, 179
Suppose 4*n - 22 = -3*a, -5*n + 5*a = -0*n - 10. Suppose 612 = 4*s + n*u, -5*u + 593 = 3*s + 144. What are the prime factors of s?
2, 79
Let i(d) = 68*d + 146. Let z be i(-5). List the prime factors of (z/(-10))/((-19)/(-95)).
97
Suppose -363236 = -43*z + 84179. List the prime factors of z.
5, 2081
Suppose -7*c + 44 + 40 = 0. What are the prime factors of 117/c - 17/(-68)?
2, 5
Suppose -5*a + 23920 = -5*s, 26*a - 30*a = 5*s - 19127. What are the prime factors of a?
4783
Suppose 53*q = 57*q - 20. Suppose -q*p + 3*b - b + 38 = 0, -16 = -4*p - 2*b. Suppose 0 = p*f - 879 - 9. What are the prime factors of f?
2, 37
Suppose 438*o = 430*o + 61792. List the prime factors of o.
2, 1931
Let f be 29 + 4 + -1*2. Let d = f + -31. Suppose d = -3*w + 2*w - 5*m + 75, 3*w - 273 = m. List the prime factors of w.
2, 3, 5
Let n(z) = z**3 + 5*z**2 + 6*z + 1. Let m be n(-2). Suppose 2*a = m + 5. List the prime factors of 1/3 - (a - (-263)/(-3)).
5, 17
Let g be (-30)/(-195) + 11/13. Let f be 3 + (-4)/g*-2. What are the prime factors of (-219 - f)*4/(-10)?
2, 23
Suppose -63398 = -4*w - 5*g, -3*g - 19100 - 12610 = -2*w. List the prime factors of w.
2, 3, 1321
Suppose -5*y = j, -4*j = -4*y - 9*j. Suppose 5 = 2*v + q - y*q, v = 3*q + 20. Suppose 0*m - 239 = -m + 4*n, n = -v*m + 1153. List the prime factors of m.
3, 7, 11
Let f(n) = n**3 + 41*n**2 - 74*n - 33. What are the prime factors of f(-24)?
3, 5, 769
Suppose -213 + 123 = -5*w. Let x be w*((-28)/(-12))/7. List the prime factors of (-3)/x - 1196/(-8).
149
What are the prime factors of (-10)/((-1680)/1108956) + (-4)/(-56)?
7, 23, 41
Let y be (-2)/8 + (-52)/(-16). Suppose y*w = 4*w + 8. List the prime factors of (-12)/w*(-142)/(-3).
71
Suppose -8*x + 0*x = -1088. Suppose